ghest common factor of 9 and 585.
9
Calculate the highest common factor of 84 and 42.
42
What is the greatest common factor of 27 and 18?
9
Calculate the highest common divisor of 42 and 1638.
42
Calculate the highest common divisor of 3456 and 256.
128
What is the highest common factor of 132 and 462?
66
What is the highest common divisor of 50 and 370?
10
Calculate the greatest common divisor of 112 and 119.
7
Calculate the highest common divisor of 436 and 108.
4
What is the highest common divisor of 68 and 544?
68
Calculate the highest common factor of 75 and 8350.
25
Calculate the greatest common factor of 448 and 14.
14
Calculate the greatest common factor of 1761 and 6.
3
What is the highest common factor of 15 and 535?
5
What is the highest common factor of 495 and 45?
45
Calculate the highest common factor of 2 and 122.
2
Calculate the highest common divisor of 217 and 35.
7
Calculate the highest common divisor of 186 and 806.
62
What is the greatest common divisor of 588 and 19796?
196
Calculate the highest common factor of 195 and 91.
13
Calculate the greatest common divisor of 21 and 777.
21
Calculate the greatest common divisor of 864 and 192.
96
What is the greatest common divisor of 2950 and 118?
118
What is the greatest common divisor of 852 and 240?
12
What is the highest common divisor of 20 and 12940?
20
Calculate the highest common divisor of 156 and 852.
12
What is the highest common factor of 22 and 1375?
11
Calculate the highest common factor of 95 and 85.
5
What is the greatest common factor of 1463 and 171?
19
What is the highest common divisor of 1090 and 4142?
218
What is the highest common divisor of 5190 and 80?
10
Calculate the greatest common factor of 24 and 24.
24
Calculate the greatest common divisor of 99 and 11.
11
Calculate the highest common divisor of 1317 and 9.
3
What is the greatest common factor of 799 and 47?
47
Calculate the highest common divisor of 41964 and 12.
12
What is the highest common factor of 11174 and 604?
302
Calculate the greatest common divisor of 1750 and 4250.
250
Calculate the highest common factor of 17511 and 117.
39
What is the highest common factor of 209 and 99?
11
What is the greatest common factor of 95 and 19?
19
Calculate the highest common factor of 32 and 272.
16
What is the highest common factor of 24 and 684?
12
Calculate the greatest common divisor of 3116 and 76.
76
What is the highest common factor of 57 and 156?
3
Calculate the greatest common divisor of 450 and 11850.
150
What is the highest common factor of 2 and 18?
2
What is the highest common factor of 357 and 672?
21
Calculate the highest common divisor of 31 and 3503.
31
What is the highest common factor of 21071 and 19?
19
What is the highest common divisor of 183 and 6?
3
Calculate the greatest common divisor of 19 and 3743.
19
Calculate the greatest common divisor of 170 and 15.
5
What is the highest common factor of 13383 and 9?
9
What is the highest common factor of 14 and 2422?
14
Calculate the greatest common divisor of 7484 and 4.
4
Calculate the greatest common divisor of 1012 and 176.
44
What is the greatest common divisor of 6968 and 104?
104
Calculate the highest common factor of 84 and 72.
12
What is the highest common divisor of 31179 and 19?
19
Calculate the highest common factor of 1978 and 86.
86
What is the highest common divisor of 1728 and 12?
12
Calculate the highest common divisor of 117 and 13.
13
Calculate the greatest common divisor of 416 and 26.
26
Calculate the greatest common factor of 657 and 21.
3
Calculate the highest common divisor of 96 and 768.
96
What is the greatest common factor of 117 and 2769?
39
What is the greatest common factor of 12 and 5178?
6
Calculate the highest common factor of 630 and 7.
7
What is the highest common factor of 38 and 6?
2
Calculate the highest common factor of 25 and 10.
5
Calculate the highest common divisor of 7486 and 152.
38
Calculate the greatest common factor of 22 and 11.
11
What is the greatest common factor of 380 and 4?
4
What is the highest common divisor of 32 and 5212?
4
Calculate the highest common factor of 272 and 344.
8
Calculate the greatest common factor of 2832 and 36.
12
What is the highest common divisor of 1575 and 2583?
63
Calculate the greatest common factor of 637 and 2275.
91
Calculate the greatest common factor of 22 and 1199.
11
Calculate the greatest common factor of 1400 and 5.
5
Calculate the highest common divisor of 520 and 416.
104
What is the greatest common divisor of 33 and 39?
3
What is the greatest common factor of 107 and 24931?
107
Calculate the greatest common divisor of 27 and 1.
1
Calculate the highest common factor of 124 and 217.
31
What is the greatest common factor of 304 and 38?
38
Calculate the greatest common factor of 38554 and 74.
74
Calculate the highest common divisor of 4692 and 4416.
276
Calculate the greatest common factor of 30 and 130.
10
What is the highest common factor of 37 and 38369?
37
Calculate the greatest common divisor of 39 and 15.
3
What is the highest common divisor of 66 and 7392?
66
What is the highest common divisor of 11 and 1837?
11
Calculate the highest common divisor of 144 and 924.
12
Calculate the greatest common factor of 2112 and 1232.
176
Calculate the greatest common factor of 724 and 7421.
181
What is the greatest common divisor of 4053 and 14?
7
Calculate the highest common factor of 7 and 7609.
7
What is the highest common factor of 50 and 150?
50
Calculate the greatest common divisor of 7815 and 255.
15
What is the greatest common divisor of 206 and 24617?
103
Calculate the highest common divisor of 45 and 8295.
15
What is the greatest common factor of 72 and 180?
36
What is the greatest common divisor of 90 and 162?
18
What is the highest common factor of 200 and 6550?
50
What is the highest common divisor of 33 and 32703?
33
What is the greatest common divisor of 1122 and 391?
17
Calculate the greatest common factor of 10068 and 12.
12
What is the highest common factor of 92 and 116?
4
Calculate the highest common divisor of 2 and 74.
2
Calculate the highest common divisor of 2501 and 41.
41
What is the highest common divisor of 29 and 1421?
29
What is the greatest common factor of 2 and 794?
2
What is the greatest common factor of 133 and 171?
19
Calculate the greatest common factor of 510 and 12.
6
What is the highest common factor of 210 and 12?
6
Calculate the greatest common factor of 99 and 4818.
33
What is the greatest common divisor of 44 and 286?
22
Calculate the highest common factor of 16 and 48.
16
Calculate the greatest common factor of 19067 and 46.
23
Calculate the highest common divisor of 407 and 11.
11
Calculate the greatest common divisor of 8 and 44.
4
What is the highest common factor of 18 and 81?
9
What is the highest common factor of 5187 and 84?
21
What is the highest common factor of 27 and 63?
9
What is the highest common factor of 110 and 1160?
10
Calculate the greatest common divisor of 35 and 5215.
35
What is the highest common factor of 2542 and 961?
31
What is the highest common factor of 121 and 1837?
11
What is the greatest common divisor of 133 and 38?
19
Calculate the highest common divisor of 10 and 3495.
5
What is the greatest common factor of 26095 and 85?
85
Calculate the greatest common factor of 248 and 304.
8
What is the greatest common divisor of 210 and 49?
7
Calculate the greatest common factor of 10 and 50.
10
Calculate the greatest common divisor of 56 and 64.
8
Calculate the highest common factor of 51 and 2499.
51
What is the highest common factor of 26 and 598?
26
What is the greatest common factor of 25708 and 4?
4
What is the greatest common factor of 34 and 816?
34
Calculate the greatest common divisor of 48 and 2604.
12
What is the highest common factor of 790 and 50?
10
What is the greatest common factor of 161 and 18193?
161
Calculate the greatest common divisor of 55 and 715.
55
Calculate the highest common factor of 550 and 125.
25
What is the highest common divisor of 3108 and 168?
84
What is the greatest common divisor of 704 and 88?
88
Calculate the highest common divisor of 14 and 301.
7
What is the greatest common divisor of 1710 and 90?
90
What is the greatest common divisor of 481 a